What is the remainder when 4871 is divided by 53?
48
What is the remainder when 484470 is divided by 7942?
8
Calculate the remainder when 3756 is divided by 1320.
1116
What is the remainder when 14615 is divided by 523?
494
What is the remainder when 1637 is divided by 1628?
9
What is the remainder when 302 is divided by 269?
33
What is the remainder when 13472 is divided by 275?
272
What is the remainder when 1267 is divided by 41?
37
What is the remainder when 5910 is divided by 1667?
909
What is the remainder when 3505 is divided by 1124?
133
Calculate the remainder when 1173 is divided by 149.
130
What is the remainder when 67086 is divided by 33?
30
What is the remainder when 4017 is divided by 1318?
63
What is the remainder when 2547 is divided by 116?
111
Calculate the remainder when 25097 is divided by 12542.
13
What is the remainder when 1646515 is divided by 34?
31
What is the remainder when 5869 is divided by 1781?
526
Calculate the remainder when 521306 is divided by 74470.
16
Calculate the remainder when 7011 is divided by 1572.
723
What is the remainder when 26982 is divided by 732?
630
What is the remainder when 415868 is divided by 32?
28
What is the remainder when 16809 is divided by 54?
15
What is the remainder when 65885 is divided by 8216?
157
What is the remainder when 44525 is divided by 305?
300
What is the remainder when 550034 is divided by 5?
4
What is the remainder when 1787 is divided by 226?
205
What is the remainder when 26 is divided by 6?
2
Calculate the remainder when 16183 is divided by 1796.
19
Calculate the remainder when 179996 is divided by 559.
557
Calculate the remainder when 26447 is divided by 8797.
56
Calculate the remainder when 2603 is divided by 200.
3
What is the remainder when 478 is divided by 173?
132
Calculate the remainder when 132575 is divided by 233.
231
What is the remainder when 282833 is divided by 3580?
13
What is the remainder when 1397 is divided by 128?
117
What is the remainder when 2442 is divided by 764?
150
Calculate the remainder when 6670 is divided by 111.
10
Calculate the remainder when 114664 is divided by 1686.
16
What is the remainder when 98322 is divided by 207?
204
Calculate the remainder when 7698 is divided by 47.
37
What is the remainder when 43773 is divided by 425?
423
What is the remainder when 110444 is divided by 15770?
54
What is the remainder when 20004 is divided by 41?
37
What is the remainder when 11896 is divided by 119?
115
Calculate the remainder when 12842 is divided by 742.
228
Calculate the remainder when 75853 is divided by 722.
43
Calculate the remainder when 427797 is divided by 8.
5
What is the remainder when 366 is divided by 209?
157
What is the remainder when 363596 is divided by 13?
12
What is the remainder when 423274 is divided by 407?
401
Calculate the remainder when 24125 is divided by 416.
413
What is the remainder when 277617 is divided by 1245?
1227
What is the remainder when 123610 is divided by 824?
10
What is the remainder when 52252 is divided by 184?
180
What is the remainder when 262268 is divided by 113?
108
Calculate the remainder when 1684 is divided by 224.
116
Calculate the remainder when 2622 is divided by 168.
102
What is the remainder when 3205 is divided by 531?
19
What is the remainder when 403 is divided by 26?
13
Calculate the remainder when 3210 is divided by 34.
14
What is the remainder when 1331 is divided by 223?
216
What is the remainder when 22732 is divided by 7571?
19
Calculate the remainder when 4054 is divided by 2019.
16
Calculate the remainder when 712 is divided by 220.
52
Calculate the remainder when 49821 is divided by 1244.
61
Calculate the remainder when 14376 is divided by 189.
12
Calculate the remainder when 2394 is divided by 64.
26
What is the remainder when 338602 is divided by 593?
592
What is the remainder when 14117 is divided by 384?
293
What is the remainder when 222786 is divided by 10?
6
Calculate the remainder when 1783 is divided by 164.
143
What is the remainder when 9039 is divided by 34?
29
What is the remainder when 11163 is divided by 385?
383
Calculate the remainder when 22522 is divided by 4494.
52
Calculate the remainder when 818788 is divided by 3.
1
Calculate the remainder when 397727 is divided by 16.
15
What is the remainder when 30515 is divided by 3036?
155
Calculate the remainder when 67726 is divided by 521.
517
Calculate the remainder when 3530 is divided by 76.
34
Calculate the remainder when 25471 is divided by 6353.
59
Calculate the remainder when 4956442 is divided by 13.
10
What is the remainder when 67072 is divided by 109?
37
Calculate the remainder when 10724 is divided by 298.
294
Calculate the remainder when 917476 is divided by 6.
4
Calculate the remainder when 407166 is divided by 9.
6
Calculate the remainder when 14215 is divided by 2352.
103
What is the remainder when 55505 is divided by 130?
125
Calculate the remainder when 44136 is divided by 205.
61
What is the remainder when 54249 is divided by 57?
42
What is the remainder when 3135 is divided by 623?
20
Calculate the remainder when 11687 is divided by 687.
8
What is the remainder when 354201 is divided by 167?
161
What is the remainder when 56088 is divided by 22?
10
What is the remainder when 57864 is divided by 135?
84
What is the remainder when 26016 is divided by 49?
46
What is the remainder when 7168 is divided by 2071?
955
Calculate the remainder when 7883 is divided by 492.
11
What is the remainder when 53359 is divided by 667?
666
What is the remainder when 16333 is divided by 1695?
1078
What is the remainder when 27999 is divided by 51?
0
What is the remainder when 346576 is divided by 141?
139
Calculate the remainder when 1903863 is divided by 355.
353
What is the remainder when 293 is divided by 82?
47
Calculate the remainder when 264921 is divided by 619.
608
What is the remainder when 1199683 is divided by 107?
106
What is the remainder when 175257 is divided by 908?
13
What is the remainder when 18765 is divided by 76?
69
Calculate the remainder when 30075 is divided by 3006.
15
What is the remainder when 1507966 is divided by 448?
446
Calculate the remainder when 2187325 is divided by 16.
13
Calculate the remainder when 32141 is divided by 3990.
221
Calculate the remainder when 11588 is divided by 3735.
383
What is the remainder when 103666 is divided by 50?
16
Calculate the remainder when 143527 is divided by 1049.
863
Calculate the remainder when 991 is divided by 178.
101
Calculate the remainder when 2175 is divided by 499.
179
Calculate the remainder when 25682 is divided by 1974.
20
Calculate the remainder when 3196 is divided by 998.
202
Calculate the remainder when 253 is divided by 12.
1
What is the remainder when 1335252 is divided by 121385?
17
What is the remainder when 32387 is divided by 3593?
50
Calculate the remainder when 43308 is divided by 10.
8
Calculate the remainder when 125968 is divided by 125953.
15
Calculate the remainder when 69193 is divided by 40.
33
Calculate the remainder when 15231 is divided by 112.
111
Calculate the remainder when 912 is divided by 231.
219
What is the remainder when 299 is divided by 211?
88
Calculate the remainder when 23576 is divided by 278.
224
Calculate the remainder when 9437 is divided by 40.
37
Calculate the remainder when 4105 is divided by 75.
55
What is the remainder when 68956 is divided by 8?
4
What is the remainder when 26868 is divided by 199?
3
Calculate the remainder when 37053 is divided by 247.
3
Calculate the remainder when 2859 is divided by 89.
11
Calculate the remainder when 1310 is divided by 1235.
75
Calculate the remainder when 5243 is divided by 23.
22
What is the remainder when 392755 is divided by 390?
25
Calculate the remainder when 861511 is divided by 113.
112
What is the remainder when 28217 is divided by 151?
131
Calculate the remainder when 5199 is divided by 2430.
339
What is the remainder when 5823 is divided by 1161?
18
Calculate the remainder when 1957733 is divided by 549.
548
Calculate the remainder when 4863 is divided by 759.
309
What is the remainder when 1304 is divided by 461?
382
Calculate the remainder when 8993 is divided by 13.
10
Calculate the remainder when 19483 is divided by 300.